{"id":2,"date":"2025-10-28T18:21:47","date_gmt":"2025-10-28T18:21:47","guid":{"rendered":"https:\/\/grupoexpansaolab.com.br\/?page_id=2"},"modified":"2026-01-06T20:34:41","modified_gmt":"2026-01-06T20:34:41","slug":"sample-page","status":"publish","type":"page","link":"https:\/\/grupoexpansaolab.com.br\/","title":{"rendered":"Home"},"content":{"rendered":"\t\t<div data-elementor-type=\"wp-page\" data-elementor-id=\"2\" class=\"elementor elementor-2\" data-elementor-post-type=\"page\">\n\t\t\t\t<div class=\"elementor-element elementor-element-50c03d41 e-flex e-con-boxed e-con e-parent\" data-id=\"50c03d41\" data-element_type=\"container\" data-settings=\"{&quot;background_background&quot;:&quot;classic&quot;}\">\n\t\t\t\t\t<div class=\"e-con-inner\">\n\t\t<div class=\"elementor-element elementor-element-6a227c21 e-con-full e-flex e-con e-child\" data-id=\"6a227c21\" data-element_type=\"container\">\n\t\t\t\t<\/div>\n\t\t\t\t\t<\/div>\n\t\t\t\t<\/div>\n\t\t<div class=\"elementor-element elementor-element-3600223b e-flex e-con-boxed e-con e-parent\" data-id=\"3600223b\" data-element_type=\"container\" data-settings=\"{&quot;background_background&quot;:&quot;classic&quot;}\">\n\t\t\t\t\t<div class=\"e-con-inner\">\n\t\t\t\t<div class=\"elementor-element elementor-element-693a7196 elementor-widget elementor-widget-heading\" data-id=\"693a7196\" data-element_type=\"widget\" data-widget_type=\"heading.default\">\n\t\t\t\t\t<h2 class=\"elementor-heading-title elementor-size-default\">Tudo que voc\u00ea precisa pra sua empresa!<\/h2>\t\t\t\t<\/div>\n\t\t\t\t<div class=\"elementor-element elementor-element-3db178bd elementor-widget-divider--view-line elementor-widget elementor-widget-divider\" data-id=\"3db178bd\" data-element_type=\"widget\" data-widget_type=\"divider.default\">\n\t\t\t\t\t\t\t<div class=\"elementor-divider\">\n\t\t\t<span class=\"elementor-divider-separator\">\n\t\t\t\t\t\t<\/span>\n\t\t<\/div>\n\t\t\t\t\t\t<\/div>\n\t\t<div class=\"elementor-element elementor-element-6aa3c1ff e-con-full e-flex e-con e-child\" data-id=\"6aa3c1ff\" data-element_type=\"container\">\n\t\t<div class=\"elementor-element elementor-element-733bac5d e-con-full e-flex e-con e-child\" data-id=\"733bac5d\" data-element_type=\"container\" data-settings=\"{&quot;background_background&quot;:&quot;classic&quot;}\">\n\t\t<div class=\"elementor-element elementor-element-2eb315c e-con-full e-flex e-con e-child\" data-id=\"2eb315c\" data-element_type=\"container\" data-settings=\"{&quot;background_background&quot;:&quot;classic&quot;}\">\n\t\t<div class=\"elementor-element elementor-element-50c6f706 e-con-full e-flex e-con e-child\" data-id=\"50c6f706\" data-element_type=\"container\">\n\t\t\t\t<div class=\"elementor-element elementor-element-3ef2bc7e elementor-widget elementor-widget-heading\" data-id=\"3ef2bc7e\" data-element_type=\"widget\" data-widget_type=\"heading.default\">\n\t\t\t\t\t<h2 class=\"elementor-heading-title elementor-size-default\">Expans\u00e3o Lab<\/h2>\t\t\t\t<\/div>\n\t\t\t\t<div class=\"elementor-element elementor-element-adf59c6 elementor-widget-divider--view-line elementor-widget elementor-widget-divider\" data-id=\"adf59c6\" data-element_type=\"widget\" data-widget_type=\"divider.default\">\n\t\t\t\t\t\t\t<div class=\"elementor-divider\">\n\t\t\t<span class=\"elementor-divider-separator\">\n\t\t\t\t\t\t<\/span>\n\t\t<\/div>\n\t\t\t\t\t\t<\/div>\n\t\t\t\t<div class=\"elementor-element elementor-element-327a91a8 elementor-widget elementor-widget-text-editor\" data-id=\"327a91a8\" data-element_type=\"widget\" data-widget_type=\"text-editor.default\">\n\t\t\t\t\t\t\t\t\t<p>Temos uma vasta gama de produtos para laborat\u00f3rios, acesse e confira!<\/p>\t\t\t\t\t\t\t\t<\/div>\n\t\t\t\t<\/div>\n\t\t<div class=\"elementor-element elementor-element-46835e6 e-con-full e-flex e-con e-child\" data-id=\"46835e6\" data-element_type=\"container\">\n\t\t\t\t<div class=\"elementor-element elementor-element-21d6ec8f elementor-align-center elementor-widget elementor-widget-button\" data-id=\"21d6ec8f\" data-element_type=\"widget\" data-widget_type=\"button.default\">\n\t\t\t\t\t\t\t\t\t\t<a class=\"elementor-button elementor-button-link elementor-size-sm\" href=\"https:\/\/expansaolab.com.br\/\" target=\"_blank\">\n\t\t\t\t\t\t<span class=\"elementor-button-content-wrapper\">\n\t\t\t\t\t\t\t\t\t<span class=\"elementor-button-text\">Acesse Nosso Site<\/span>\n\t\t\t\t\t<\/span>\n\t\t\t\t\t<\/a>\n\t\t\t\t\t\t\t\t<\/div>\n\t\t\t\t<\/div>\n\t\t\t\t<\/div>\n\t\t\t\t<\/div>\n\t\t<div class=\"elementor-element elementor-element-171ce646 e-con-full e-flex e-con e-child\" data-id=\"171ce646\" data-element_type=\"container\" data-settings=\"{&quot;background_background&quot;:&quot;classic&quot;}\">\n\t\t<div class=\"elementor-element elementor-element-7cfcda7f e-con-full e-flex e-con e-child\" data-id=\"7cfcda7f\" data-element_type=\"container\" data-settings=\"{&quot;background_background&quot;:&quot;classic&quot;}\">\n\t\t<div class=\"elementor-element elementor-element-46b1604c e-con-full e-flex e-con e-child\" data-id=\"46b1604c\" data-element_type=\"container\">\n\t\t\t\t<div class=\"elementor-element elementor-element-1ada67f9 elementor-widget elementor-widget-heading\" data-id=\"1ada67f9\" data-element_type=\"widget\" data-widget_type=\"heading.default\">\n\t\t\t\t\t<h2 class=\"elementor-heading-title elementor-size-default\">Expans\u00e3o Distribuidora<\/h2>\t\t\t\t<\/div>\n\t\t\t\t<div class=\"elementor-element elementor-element-70fe2a4 elementor-widget-divider--view-line elementor-widget elementor-widget-divider\" data-id=\"70fe2a4\" data-element_type=\"widget\" data-widget_type=\"divider.default\">\n\t\t\t\t\t\t\t<div class=\"elementor-divider\">\n\t\t\t<span class=\"elementor-divider-separator\">\n\t\t\t\t\t\t<\/span>\n\t\t<\/div>\n\t\t\t\t\t\t<\/div>\n\t\t\t\t<div class=\"elementor-element elementor-element-c9331f elementor-widget elementor-widget-text-editor\" data-id=\"c9331f\" data-element_type=\"widget\" data-widget_type=\"text-editor.default\">\n\t\t\t\t\t\t\t\t\t<p>Diversa linha de suprimentos para sua empresa, escrit\u00f3rio ou cond\u00f4minio, acesse e confira!<\/p>\t\t\t\t\t\t\t\t<\/div>\n\t\t\t\t<\/div>\n\t\t<div class=\"elementor-element elementor-element-5a344e32 e-con-full e-flex e-con e-child\" data-id=\"5a344e32\" data-element_type=\"container\">\n\t\t\t\t<div class=\"elementor-element elementor-element-df93a16 elementor-align-center elementor-widget elementor-widget-button\" data-id=\"df93a16\" data-element_type=\"widget\" data-widget_type=\"button.default\">\n\t\t\t\t\t\t\t\t\t\t<a class=\"elementor-button elementor-button-link elementor-size-sm\" href=\"https:\/\/expansaolabdistribuidora.com.br\/\" target=\"_blank\">\n\t\t\t\t\t\t<span class=\"elementor-button-content-wrapper\">\n\t\t\t\t\t\t\t\t\t<span class=\"elementor-button-text\">Acesse Nosso Site<\/span>\n\t\t\t\t\t<\/span>\n\t\t\t\t\t<\/a>\n\t\t\t\t\t\t\t\t<\/div>\n\t\t\t\t<\/div>\n\t\t\t\t<\/div>\n\t\t\t\t<\/div>\n\t\t\t\t<\/div>\n\t\t<div class=\"elementor-element elementor-element-341aa272 e-con-full animated-slow elementor-hidden-desktop elementor-hidden-tablet elementor-hidden-mobile e-flex elementor-invisible e-con e-child\" data-id=\"341aa272\" data-element_type=\"container\" data-settings=\"{&quot;animation&quot;:&quot;slideInRight&quot;}\">\n\t\t<div class=\"elementor-element elementor-element-4e72159e e-con-full e-flex e-con e-child\" data-id=\"4e72159e\" data-element_type=\"container\" data-settings=\"{&quot;background_background&quot;:&quot;classic&quot;}\">\n\t\t<div class=\"elementor-element elementor-element-241e9243 e-con-full e-flex e-con e-child\" data-id=\"241e9243\" data-element_type=\"container\" data-settings=\"{&quot;background_background&quot;:&quot;classic&quot;}\">\n\t\t<div class=\"elementor-element elementor-element-cde6377 e-con-full e-flex e-con e-child\" data-id=\"cde6377\" data-element_type=\"container\">\n\t\t\t\t<div class=\"elementor-element elementor-element-5478acbc elementor-align-center elementor-widget elementor-widget-button\" data-id=\"5478acbc\" data-element_type=\"widget\" data-widget_type=\"button.default\">\n\t\t\t\t\t\t\t\t\t\t<a class=\"elementor-button elementor-button-link elementor-size-sm\" href=\"https:\/\/elab.formigasites.com.br\/\" target=\"_blank\">\n\t\t\t\t\t\t<span class=\"elementor-button-content-wrapper\">\n\t\t\t\t\t\t\t\t\t<span class=\"elementor-button-text\">Acesse Nosso Site<\/span>\n\t\t\t\t\t<\/span>\n\t\t\t\t\t<\/a>\n\t\t\t\t\t\t\t\t<\/div>\n\t\t\t\t<\/div>\n\t\t<div class=\"elementor-element elementor-element-506af466 e-con-full e-flex e-con e-child\" data-id=\"506af466\" data-element_type=\"container\">\n\t\t\t\t<div class=\"elementor-element elementor-element-362d0ad9 elementor-widget elementor-widget-heading\" data-id=\"362d0ad9\" data-element_type=\"widget\" data-widget_type=\"heading.default\">\n\t\t\t\t\t<h2 class=\"elementor-heading-title elementor-size-default\">Expans\u00e3o Lab<\/h2>\t\t\t\t<\/div>\n\t\t\t\t<div class=\"elementor-element elementor-element-2728efc2 elementor-widget-divider--view-line elementor-widget elementor-widget-divider\" data-id=\"2728efc2\" data-element_type=\"widget\" data-widget_type=\"divider.default\">\n\t\t\t\t\t\t\t<div class=\"elementor-divider\">\n\t\t\t<span class=\"elementor-divider-separator\">\n\t\t\t\t\t\t<\/span>\n\t\t<\/div>\n\t\t\t\t\t\t<\/div>\n\t\t\t\t<div class=\"elementor-element elementor-element-68f9401a elementor-widget elementor-widget-text-editor\" data-id=\"68f9401a\" data-element_type=\"widget\" data-widget_type=\"text-editor.default\">\n\t\t\t\t\t\t\t\t\t<p>Temos uma vasta gama de produtos para laborat\u00f3rios, acesse e confira!<\/p>\t\t\t\t\t\t\t\t<\/div>\n\t\t\t\t<\/div>\n\t\t\t\t<\/div>\n\t\t\t\t<\/div>\n\t\t<div class=\"elementor-element elementor-element-db49b39 e-con-full e-flex e-con e-child\" data-id=\"db49b39\" data-element_type=\"container\" data-settings=\"{&quot;background_background&quot;:&quot;classic&quot;}\">\n\t\t\t\t<div class=\"elementor-element elementor-element-2060f8ea elementor-widget elementor-widget-image\" data-id=\"2060f8ea\" data-element_type=\"widget\" data-widget_type=\"image.default\">\n\t\t\t\t\t\t\t\t\t\t\t\t\t\t\t<img fetchpriority=\"high\" decoding=\"async\" width=\"800\" height=\"782\" src=\"https:\/\/grupoexpansaolab.com.br\/wp-content\/uploads\/2025\/11\/Graf-Lab-1.webp\" class=\"attachment-large size-large wp-image-25\" alt=\"\" srcset=\"https:\/\/grupoexpansaolab.com.br\/wp-content\/uploads\/2025\/11\/Graf-Lab-1.webp 1025w, https:\/\/grupoexpansaolab.com.br\/wp-content\/uploads\/2025\/11\/Graf-Lab-1-300x293.webp 300w, https:\/\/grupoexpansaolab.com.br\/wp-content\/uploads\/2025\/11\/Graf-Lab-1-768x751.webp 768w\" sizes=\"(max-width: 800px) 100vw, 800px\" \/>\t\t\t\t\t\t\t\t\t\t\t\t\t\t\t<\/div>\n\t\t\t\t<\/div>\n\t\t\t\t<\/div>\n\t\t<div class=\"elementor-element elementor-element-37b8b0b6 e-con-full animated-slow elementor-hidden-desktop elementor-hidden-tablet elementor-hidden-mobile e-flex elementor-invisible e-con e-child\" data-id=\"37b8b0b6\" data-element_type=\"container\" data-settings=\"{&quot;animation&quot;:&quot;slideInLeft&quot;}\">\n\t\t<div class=\"elementor-element elementor-element-4e3fe94d e-con-full e-flex e-con e-child\" data-id=\"4e3fe94d\" data-element_type=\"container\" data-settings=\"{&quot;background_background&quot;:&quot;classic&quot;}\">\n\t\t\t\t<div class=\"elementor-element elementor-element-12eddd74 elementor-widget elementor-widget-image\" data-id=\"12eddd74\" data-element_type=\"widget\" data-widget_type=\"image.default\">\n\t\t\t\t\t\t\t\t\t\t\t\t\t\t\t<img fetchpriority=\"high\" decoding=\"async\" width=\"800\" height=\"782\" src=\"https:\/\/grupoexpansaolab.com.br\/wp-content\/uploads\/2025\/11\/Graf-Lab-1.webp\" class=\"attachment-large size-large wp-image-25\" alt=\"\" srcset=\"https:\/\/grupoexpansaolab.com.br\/wp-content\/uploads\/2025\/11\/Graf-Lab-1.webp 1025w, https:\/\/grupoexpansaolab.com.br\/wp-content\/uploads\/2025\/11\/Graf-Lab-1-300x293.webp 300w, https:\/\/grupoexpansaolab.com.br\/wp-content\/uploads\/2025\/11\/Graf-Lab-1-768x751.webp 768w\" sizes=\"(max-width: 800px) 100vw, 800px\" \/>\t\t\t\t\t\t\t\t\t\t\t\t\t\t\t<\/div>\n\t\t\t\t<\/div>\n\t\t<div class=\"elementor-element elementor-element-793dd558 e-con-full e-flex e-con e-child\" data-id=\"793dd558\" data-element_type=\"container\" data-settings=\"{&quot;background_background&quot;:&quot;classic&quot;}\">\n\t\t<div class=\"elementor-element elementor-element-7dd6ba50 e-con-full e-flex e-con e-child\" data-id=\"7dd6ba50\" data-element_type=\"container\" data-settings=\"{&quot;background_background&quot;:&quot;classic&quot;}\">\n\t\t<div class=\"elementor-element elementor-element-5c19b949 e-con-full e-flex e-con e-child\" data-id=\"5c19b949\" data-element_type=\"container\">\n\t\t\t\t<div class=\"elementor-element elementor-element-5ca4f970 elementor-widget elementor-widget-heading\" data-id=\"5ca4f970\" data-element_type=\"widget\" data-widget_type=\"heading.default\">\n\t\t\t\t\t<h2 class=\"elementor-heading-title elementor-size-default\">Expans\u00e3o Lab<\/h2>\t\t\t\t<\/div>\n\t\t\t\t<div class=\"elementor-element elementor-element-39811591 elementor-widget-divider--view-line elementor-widget elementor-widget-divider\" data-id=\"39811591\" data-element_type=\"widget\" data-widget_type=\"divider.default\">\n\t\t\t\t\t\t\t<div class=\"elementor-divider\">\n\t\t\t<span class=\"elementor-divider-separator\">\n\t\t\t\t\t\t<\/span>\n\t\t<\/div>\n\t\t\t\t\t\t<\/div>\n\t\t\t\t<div class=\"elementor-element elementor-element-7c225ad3 elementor-widget elementor-widget-text-editor\" data-id=\"7c225ad3\" data-element_type=\"widget\" data-widget_type=\"text-editor.default\">\n\t\t\t\t\t\t\t\t\t<p>Temos uma vasta gama de produtos para laborat\u00f3rios, acesse e confira!<\/p>\t\t\t\t\t\t\t\t<\/div>\n\t\t\t\t<\/div>\n\t\t<div class=\"elementor-element elementor-element-7fb8171a e-con-full e-flex e-con e-child\" data-id=\"7fb8171a\" data-element_type=\"container\">\n\t\t\t\t<div class=\"elementor-element elementor-element-21300b3d elementor-align-center elementor-widget elementor-widget-button\" data-id=\"21300b3d\" data-element_type=\"widget\" data-widget_type=\"button.default\">\n\t\t\t\t\t\t\t\t\t\t<a class=\"elementor-button elementor-button-link elementor-size-sm\" href=\"https:\/\/elab.formigasites.com.br\/\" target=\"_blank\">\n\t\t\t\t\t\t<span class=\"elementor-button-content-wrapper\">\n\t\t\t\t\t\t\t\t\t<span class=\"elementor-button-text\">Acesse Nosso Site<\/span>\n\t\t\t\t\t<\/span>\n\t\t\t\t\t<\/a>\n\t\t\t\t\t\t\t\t<\/div>\n\t\t\t\t<\/div>\n\t\t\t\t<\/div>\n\t\t\t\t<\/div>\n\t\t\t\t<\/div>\n\t\t\t\t\t<\/div>\n\t\t\t\t<\/div>\n\t\t<div class=\"elementor-element elementor-element-61f5325 e-flex e-con-boxed e-con e-parent\" data-id=\"61f5325\" data-element_type=\"container\" data-settings=\"{&quot;background_background&quot;:&quot;classic&quot;}\">\n\t\t\t\t\t<div class=\"e-con-inner\">\n\t\t\t\t<div class=\"elementor-element elementor-element-7105014e elementor-widget elementor-widget-heading\" data-id=\"7105014e\" data-element_type=\"widget\" data-widget_type=\"heading.default\">\n\t\t\t\t\t<h2 class=\"elementor-heading-title elementor-size-default\">\u00a9 2025 Grupo Expans\u00e3o Lab | Todos os direitos reservados<\/h2>\t\t\t\t<\/div>\n\t\t\t\t\t<\/div>\n\t\t\t\t<\/div>\n\t\t\t\t<\/div>\n\t\t","protected":false},"excerpt":{"rendered":"<p>Tudo que voc\u00ea precisa pra sua empresa! Expans\u00e3o Lab Temos uma vasta gama de produtos para laborat\u00f3rios, acesse e confira! Acesse Nosso Site Expans\u00e3o Distribuidora Diversa linha de suprimentos para sua empresa, escrit\u00f3rio ou cond\u00f4minio, acesse e confira! Acesse Nosso Site Acesse Nosso Site Expans\u00e3o Lab Temos uma vasta gama de produtos para laborat\u00f3rios, acesse [&hellip;]<\/p>\n","protected":false},"author":1,"featured_media":0,"parent":0,"menu_order":0,"comment_status":"closed","ping_status":"open","template":"elementor_canvas","meta":{"footnotes":""},"class_list":["post-2","page","type-page","status-publish","hentry"],"_links":{"self":[{"href":"https:\/\/grupoexpansaolab.com.br\/index.php\/wp-json\/wp\/v2\/pages\/2","targetHints":{"allow":["GET"]}}],"collection":[{"href":"https:\/\/grupoexpansaolab.com.br\/index.php\/wp-json\/wp\/v2\/pages"}],"about":[{"href":"https:\/\/grupoexpansaolab.com.br\/index.php\/wp-json\/wp\/v2\/types\/page"}],"author":[{"embeddable":true,"href":"https:\/\/grupoexpansaolab.com.br\/index.php\/wp-json\/wp\/v2\/users\/1"}],"replies":[{"embeddable":true,"href":"https:\/\/grupoexpansaolab.com.br\/index.php\/wp-json\/wp\/v2\/comments?post=2"}],"version-history":[{"count":16,"href":"https:\/\/grupoexpansaolab.com.br\/index.php\/wp-json\/wp\/v2\/pages\/2\/revisions"}],"predecessor-version":[{"id":48,"href":"https:\/\/grupoexpansaolab.com.br\/index.php\/wp-json\/wp\/v2\/pages\/2\/revisions\/48"}],"wp:attachment":[{"href":"https:\/\/grupoexpansaolab.com.br\/index.php\/wp-json\/wp\/v2\/media?parent=2"}],"curies":[{"name":"wp","href":"https:\/\/api.w.org\/{rel}","templated":true}]}}